{"id":32,"date":"2022-12-23T15:53:40","date_gmt":"2022-12-23T14:53:40","guid":{"rendered":"https:\/\/cats.helary.net\/?page_id=32"},"modified":"2023-01-20T11:28:55","modified_gmt":"2023-01-20T10:28:55","slug":"les-persos","status":"publish","type":"page","link":"https:\/\/cats.helary.net\/index.php\/les-persos\/","title":{"rendered":"Les persos"},"content":{"rendered":"\n<p class=\"has-text-align-left\"><\/p>\n\n\n\n<div class=\"wp-block-media-text alignwide is-stacked-on-mobile\" style=\"grid-template-columns:37% auto\"><figure class=\"wp-block-media-text__media\"><img loading=\"lazy\" decoding=\"async\" width=\"275\" height=\"201\" src=\"https:\/\/cats.helary.net\/wp-content\/uploads\/2023\/01\/Capture.png\" alt=\"Ahrabo\" class=\"wp-image-53 size-full\"\/><\/figure><div class=\"wp-block-media-text__content\">\n<p>Voici venir une \u00e9quipe pour le moins h\u00e9t\u00e9roclite, &#8220;jeunes&#8221; recrues de la <strong>Section Op\u00e9rationnelle Unifi\u00e9e de Recherche, Investigations et Secours<\/strong> (autrement dit la S.O.U.R.I.S.), encadr\u00e9e par le le G\u00e9n\u00e9ral Cheshire qui a le don de disparaitre et d&#8217;apparaitre comme bon lui semble. Ce dernier tient plus du sergent instructeur que de l&#8217;agent de terrain, mais c&#8217;est lui qui guidera nos jeunes recrues dans leurs prochaines missions<\/p>\n<\/div><\/div>\n\n\n\n<p>Les nouveaux agents sont issus de plusieurs lign\u00e9es telles que les &#8220;dents cass\u00e9es&#8221;,  les &#8220;cous dress\u00e9s&#8221;, les &#8220;pattes courtes&#8221; et les &#8220;pattes v\u00e9loces&#8221;. C&#8217;est la raison d&#8217;\u00eatre de la SOURIS, mettre les meilleurs agents quelque soit leur lign\u00e9e au service de la mascarade.<\/p>\n\n\n\n<h2 class=\"wp-block-heading\">Ewan, des &#8220;Dents cass\u00e9es&#8221;<\/h2>\n\n\n\n<div class=\"wp-block-media-text alignwide is-stacked-on-mobile\"><figure class=\"wp-block-media-text__media\"><img loading=\"lazy\" decoding=\"async\" width=\"284\" height=\"177\" src=\"https:\/\/cats.helary.net\/wp-content\/uploads\/2023\/01\/scottishFold.jpeg\" alt=\"\" class=\"wp-image-54 size-full\"\/><\/figure><div class=\"wp-block-media-text__content\">\n<p>Le v\u00e9t\u00e9ran de cette escouade se pr\u00e9nomme &#8220;MraWaou&#8221;, autrement appel\u00e9 &#8220;Ewan&#8221;. c&#8217;est un scottish Fold, connu pour leurs caract\u00e8res bien tremp\u00e9s. Malgr\u00e9 son cot\u00e9 raleur, MraWaou est un chat sur lequel on peut compter pour guider et aider ses camarades. Bon ok, il sera pas forc\u00e9ment content, et il le fera savoir !<\/p>\n<\/div><\/div>\n\n\n\n<h2 class=\"wp-block-heading\">Cor\u00e9gone, des &#8220;Pattes Courtes&#8221;<\/h2>\n\n\n\n<div class=\"wp-block-media-text alignwide is-stacked-on-mobile\"><figure class=\"wp-block-media-text__media\"><img loading=\"lazy\" decoding=\"async\" width=\"500\" height=\"333\" src=\"https:\/\/cats.helary.net\/wp-content\/uploads\/2023\/01\/somaliAdulte.jpg\" alt=\"\" class=\"wp-image-55 size-full\" srcset=\"https:\/\/cats.helary.net\/wp-content\/uploads\/2023\/01\/somaliAdulte.jpg 500w, https:\/\/cats.helary.net\/wp-content\/uploads\/2023\/01\/somaliAdulte-300x200.jpg 300w\" sizes=\"auto, (max-width: 500px) 100vw, 500px\" \/><\/figure><div class=\"wp-block-media-text__content\">\n<p>MaRii, aussi connue sous le nom de Cor\u00e9gone est une somalie adulte parfaitement adapt\u00e9e \u00e0 son environnement. Ses qualit\u00e9s physique et sa volont\u00e9 d&#8217;aider fait d&#8217;elle un parfait agent de la SOURIS, tant que ses ordres sont clairs<\/p>\n<\/div><\/div>\n\n\n\n<h2 class=\"wp-block-heading\">Bj\u00f6rg, des &#8220;Pattes V\u00e9loces&#8221;<\/h2>\n\n\n\n<div class=\"wp-block-media-text alignwide is-stacked-on-mobile\"><figure class=\"wp-block-media-text__media\"><img loading=\"lazy\" decoding=\"async\" width=\"900\" height=\"450\" src=\"https:\/\/cats.helary.net\/wp-content\/uploads\/2023\/01\/norwegische-waldkatze-dreifarbig-1024x682-1.jpg\" alt=\"\" class=\"wp-image-56 size-full\" srcset=\"https:\/\/cats.helary.net\/wp-content\/uploads\/2023\/01\/norwegische-waldkatze-dreifarbig-1024x682-1.jpg 900w, https:\/\/cats.helary.net\/wp-content\/uploads\/2023\/01\/norwegische-waldkatze-dreifarbig-1024x682-1-300x150.jpg 300w, https:\/\/cats.helary.net\/wp-content\/uploads\/2023\/01\/norwegische-waldkatze-dreifarbig-1024x682-1-768x384.jpg 768w\" sizes=\"auto, (max-width: 900px) 100vw, 900px\" \/><\/figure><div class=\"wp-block-media-text__content\">\n<p>Maou Mrr, \u00e9galement appel\u00e9 &#8220;Bj\u00f6rg&#8221; est le &#8220;ninja&#8221; du groupe. Son agilit\u00e9 exceptionnelle ainsi que sa discr\u00e9tion fait de lui un v\u00e9ritable atout au sein d&#8217;une escouade de la SOURIS<\/p>\n<\/div><\/div>\n\n\n\n<h2 class=\"wp-block-heading\">Poil d&#8217;Etoile, des &#8220;Cous dress\u00e9s&#8221;<\/h2>\n\n\n\n<div class=\"wp-block-media-text alignwide is-stacked-on-mobile\"><figure class=\"wp-block-media-text__media\"><img loading=\"lazy\" decoding=\"async\" width=\"840\" height=\"560\" src=\"https:\/\/cats.helary.net\/wp-content\/uploads\/2023\/01\/somalie-chat.jpeg\" alt=\"\" class=\"wp-image-57 size-full\" srcset=\"https:\/\/cats.helary.net\/wp-content\/uploads\/2023\/01\/somalie-chat.jpeg 840w, https:\/\/cats.helary.net\/wp-content\/uploads\/2023\/01\/somalie-chat-300x200.jpeg 300w, https:\/\/cats.helary.net\/wp-content\/uploads\/2023\/01\/somalie-chat-768x512.jpeg 768w\" sizes=\"auto, (max-width: 840px) 100vw, 840px\" \/><\/figure><div class=\"wp-block-media-text__content\">\n<p>Meou, est une chatte curieuse et enjou\u00e9 qui s&#8217;est rapidement distingu\u00e9e par son savoir sur les simiesques. C&#8217;est une agente plut\u00f4t polyvalente qui compl\u00e9tera efficacement l&#8217;\u00e9quipe.<\/p>\n<\/div><\/div>\n","protected":false},"excerpt":{"rendered":"<div class=\"entry-summary\">\nVoici venir une \u00e9quipe pour le moins h\u00e9t\u00e9roclite, &#8220;jeunes&#8221; recrues de la Section Op\u00e9rationnelle Unifi\u00e9e de Recherche, Investigations et Secours (autrement dit la S.O.U.R.I.S.), encadr\u00e9e par le le G\u00e9n\u00e9ral Cheshire qui a le don de disparaitre et d&#8217;apparaitre comme bon lui semble. Ce dernier tient plus du sergent instructeur que de l&#8217;agent de terrain, mais&hellip;\n<\/div>\n<div class=\"link-more\"><a href=\"https:\/\/cats.helary.net\/index.php\/les-persos\/\" class=\"more-link\">Continue reading<span class=\"screen-reader-text\"> &ldquo;Les persos&rdquo;<\/span>&hellip;<\/a><\/div>\n","protected":false},"author":1,"featured_media":0,"parent":0,"menu_order":0,"comment_status":"closed","ping_status":"closed","template":"","meta":{"footnotes":""},"class_list":["post-32","page","type-page","status-publish","hentry","entry"],"_links":{"self":[{"href":"https:\/\/cats.helary.net\/index.php\/wp-json\/wp\/v2\/pages\/32","targetHints":{"allow":["GET"]}}],"collection":[{"href":"https:\/\/cats.helary.net\/index.php\/wp-json\/wp\/v2\/pages"}],"about":[{"href":"https:\/\/cats.helary.net\/index.php\/wp-json\/wp\/v2\/types\/page"}],"author":[{"embeddable":true,"href":"https:\/\/cats.helary.net\/index.php\/wp-json\/wp\/v2\/users\/1"}],"replies":[{"embeddable":true,"href":"https:\/\/cats.helary.net\/index.php\/wp-json\/wp\/v2\/comments?post=32"}],"version-history":[{"count":5,"href":"https:\/\/cats.helary.net\/index.php\/wp-json\/wp\/v2\/pages\/32\/revisions"}],"predecessor-version":[{"id":58,"href":"https:\/\/cats.helary.net\/index.php\/wp-json\/wp\/v2\/pages\/32\/revisions\/58"}],"wp:attachment":[{"href":"https:\/\/cats.helary.net\/index.php\/wp-json\/wp\/v2\/media?parent=32"}],"curies":[{"name":"wp","href":"https:\/\/api.w.org\/{rel}","templated":true}]}}