{"id":31,"date":"2022-12-23T15:53:40","date_gmt":"2022-12-23T14:53:40","guid":{"rendered":"https:\/\/cats.helary.net\/?page_id=31"},"modified":"2023-01-20T08:52:36","modified_gmt":"2023-01-20T07:52:36","slug":"la-table","status":"publish","type":"page","link":"https:\/\/cats.helary.net\/index.php\/la-table\/","title":{"rendered":"La table"},"content":{"rendered":"\n<p>Premi\u00e8re Table autour du JDR CATS!, premi\u00e8re table dans tous les sens, je d\u00e9couvre ce jeu de r\u00f4les au concept int\u00e9ressant : C&#8217;est ma premi\u00e8re partie en tant que MJ sur ce jdr, mais c&#8217;est \u00e9galement la premi\u00e8re table des joueurs, et pour certains\/certaines, leur premi\u00e8re table de JDR tout court !<\/p>\n\n\n<div class=\"wp-block-image\">\n<figure class=\"alignleft size-large is-resized\"><img loading=\"lazy\" decoding=\"async\" src=\"https:\/\/oncepodcast.com\/wp-content\/uploads\/2015\/10\/Once-Upon-a-Time-5x02-The-Price-King-Arthur-round-table-in-Camelot-720x405.jpg\" alt=\"\" width=\"413\" height=\"232\"\/><\/figure>\n<\/div>\n\n\n<p>Nous avons une \u00e9quipe de 4 joueurs, joueuses avec des \u00e2ges plut\u00f4t h\u00e9t\u00e9roclite : <\/p>\n\n\n\n<p>Nous avons un couple dans la trentaine, un p\u00e8re et sa fille de 10ans, et moi en tant que MJ.<\/p>\n\n\n\n<p>Le truc int\u00e9ressant c&#8217;est justement cette diversit\u00e9 d&#8217;\u00e2ge qui va nous permettre de faire \u00e9voluer la partie diff\u00e9remment, c&#8217;est un challenge pour moi, notamment du fait de la jeunesse de notre petite joueuse. L&#8217;avenir nous dira si tous passent de bons moments.<\/p>\n","protected":false},"excerpt":{"rendered":"<div class=\"entry-summary\">\nPremi\u00e8re Table autour du JDR CATS!, premi\u00e8re table dans tous les sens, je d\u00e9couvre ce jeu de r\u00f4les au concept int\u00e9ressant : C&#8217;est ma premi\u00e8re partie en tant que MJ sur ce jdr, mais c&#8217;est \u00e9galement la premi\u00e8re table des joueurs, et pour certains\/certaines, leur premi\u00e8re table de JDR tout court ! Nous avons une&hellip;\n<\/div>\n<div class=\"link-more\"><a href=\"https:\/\/cats.helary.net\/index.php\/la-table\/\" class=\"more-link\">Continue reading<span class=\"screen-reader-text\"> &ldquo;La table&rdquo;<\/span>&hellip;<\/a><\/div>\n","protected":false},"author":1,"featured_media":0,"parent":0,"menu_order":0,"comment_status":"closed","ping_status":"closed","template":"","meta":{"footnotes":""},"class_list":["post-31","page","type-page","status-publish","hentry","entry"],"_links":{"self":[{"href":"https:\/\/cats.helary.net\/index.php\/wp-json\/wp\/v2\/pages\/31","targetHints":{"allow":["GET"]}}],"collection":[{"href":"https:\/\/cats.helary.net\/index.php\/wp-json\/wp\/v2\/pages"}],"about":[{"href":"https:\/\/cats.helary.net\/index.php\/wp-json\/wp\/v2\/types\/page"}],"author":[{"embeddable":true,"href":"https:\/\/cats.helary.net\/index.php\/wp-json\/wp\/v2\/users\/1"}],"replies":[{"embeddable":true,"href":"https:\/\/cats.helary.net\/index.php\/wp-json\/wp\/v2\/comments?post=31"}],"version-history":[{"count":4,"href":"https:\/\/cats.helary.net\/index.php\/wp-json\/wp\/v2\/pages\/31\/revisions"}],"predecessor-version":[{"id":50,"href":"https:\/\/cats.helary.net\/index.php\/wp-json\/wp\/v2\/pages\/31\/revisions\/50"}],"wp:attachment":[{"href":"https:\/\/cats.helary.net\/index.php\/wp-json\/wp\/v2\/media?parent=31"}],"curies":[{"name":"wp","href":"https:\/\/api.w.org\/{rel}","templated":true}]}}